{"id":241,"date":"2017-11-27T11:38:01","date_gmt":"2017-11-27T10:38:01","guid":{"rendered":"http:\/\/www.julienrossi.com\/blog\/?page_id=241"},"modified":"2017-11-27T11:38:01","modified_gmt":"2017-11-27T10:38:01","slug":"mentions-legales-2","status":"publish","type":"page","link":"http:\/\/www.julienrossi.com\/blog\/mentions-legales-2\/","title":{"rendered":"Mentions l\u00e9gales"},"content":{"rendered":"<p>Ce site web est un site personnel au sens de l&#8217;article 6 III. sous 2) de la loi 2004-575 du 21 juin 2004 pour la confiance dans l&#8217;\u00e9conomie num\u00e9rique. Cela veut dire que vous n&#8217;aurez ni mon num\u00e9ro de t\u00e9l\u00e9phone, ni mon adresse personnelle. D&#8217;ailleurs, l&#8217;obligation absolue pour les personnes physiques faisant une utilisation \u00e0 titre professionnel de leur site Internet de publier ces informations tout de m\u00eame assez sensibles me semble peu conforme \u00e0 l&#8217;esprit de l&#8217;arr\u00eat <a href=\"http:\/\/eur-lex.europa.eu\/legal-content\/EN\/TXT\/?uri=CELEX:62009CJ0092\">Volker c. Hesse de la CJUE<\/a> du 9 novembre 2010. Mais fort heureusement, cela ne s&#8217;applique de toutes fa\u00e7ons pas \u00e0 moi.<\/p>\n<p>Vous apprendrez toutefois, conform\u00e9ment aux dispositions de cet article 6 de la loi pour la confiance dans l&#8217;\u00e9conomie num\u00e9rique que le pr\u00e9sent site Web est h\u00e9berg\u00e9 chez <a href=\"https:\/\/www.ovh.com\/fr\/support\/mentions-legales\/\">OVH<\/a>.<\/p>\n<p>Les textes que vous trouverez sur ce site, sont, sauf mention du contraire, sous licence <a href=\"https:\/\/creativecommons.org\/licenses\/by-nc-nd\/3.0\/fr\/\" rel=\"license\">Licence Creative Commons Attribution &#8211; Pas d\u2019Utilisation Commerciale &#8211; Pas de Modification 3.0 France<\/a><strong>.<\/strong><\/p>\n","protected":false},"excerpt":{"rendered":"<p>Ce site web est un site personnel au sens de l&#8217;article 6 III. sous 2) de la loi 2004-575 du 21 juin 2004 pour la confiance dans l&#8217;\u00e9conomie num\u00e9rique. Cela veut dire que vous n&#8217;aurez ni mon num\u00e9ro de t\u00e9l\u00e9phone,&#8230;<\/p>\n","protected":false},"author":1,"featured_media":0,"parent":0,"menu_order":0,"comment_status":"closed","ping_status":"closed","template":"","meta":{"footnotes":""},"class_list":["post-241","page","type-page","status-publish","hentry","no-post-thumbnail"],"_links":{"self":[{"href":"http:\/\/www.julienrossi.com\/blog\/wp-json\/wp\/v2\/pages\/241","targetHints":{"allow":["GET"]}}],"collection":[{"href":"http:\/\/www.julienrossi.com\/blog\/wp-json\/wp\/v2\/pages"}],"about":[{"href":"http:\/\/www.julienrossi.com\/blog\/wp-json\/wp\/v2\/types\/page"}],"author":[{"embeddable":true,"href":"http:\/\/www.julienrossi.com\/blog\/wp-json\/wp\/v2\/users\/1"}],"replies":[{"embeddable":true,"href":"http:\/\/www.julienrossi.com\/blog\/wp-json\/wp\/v2\/comments?post=241"}],"version-history":[{"count":1,"href":"http:\/\/www.julienrossi.com\/blog\/wp-json\/wp\/v2\/pages\/241\/revisions"}],"predecessor-version":[{"id":242,"href":"http:\/\/www.julienrossi.com\/blog\/wp-json\/wp\/v2\/pages\/241\/revisions\/242"}],"wp:attachment":[{"href":"http:\/\/www.julienrossi.com\/blog\/wp-json\/wp\/v2\/media?parent=241"}],"curies":[{"name":"wp","href":"https:\/\/api.w.org\/{rel}","templated":true}]}}